t w(t) = 3*t**3 + 4*t + 3. Let m be w(-1). Let n(r) = -37*r + 1. Determine n(m).
149
Let h be (-91)/(-13) + (-3 - 0). Let k(s) = 2*s**2 - s + 2. Let d(i) = -9*i**2 + 6*i - 4. Let g(c) = -d(c) - 4*k(c). Determine g(h).
4
Let c(a) = 6*a + 25. Let s = -15667 + 15678. Calculate c(s).
91
Let n = 629 - 425. Let w(z) = n*z + 1 - 105*z - 109*z. Give w(2).
-19
Let p be (7/(-4))/7 + ((-710)/40 - -13). Let t(h) = h**3 + 3*h**2 - 10*h - 3. What is t(p)?
-3
Let v(h) = 3*h + 9. Let c(f) = -14*f - 42. Let n(q) = 4*c(q) + 19*v(q). Let b(u) = -3*u**2 + u + 1. Let z be b(-1). Let a = z - 4. What is n(a)?
-4
Let p(w) = w**3 - 2*w**2 - w + 2. Suppose -3*o = 4*b - 27, -5*b - o = -32 + 1. Let m(h) = -7*h**3 + 15*h**2 + 4*h - 8. Let x(q) = b*p(q) + m(q). Calculate x(3).
-2
Let r be -9 - (1 + 2 + -13). Let h(d) = 6*d**3 - d**2 - d + 2. Determine h(r).
6
Let a = 17 + -12. Let i be (a/(70/48))/(146/511). Let q(f) = -f**2 + 12*f + 3. Determine q(i).
3
Let s(d) = -6*d**2. Let f(n) = -3*n**2 - 23*n - 44. Let z be f(-4). Suppose 29*i + 26 + 3 = z. What is s(i)?
-6
Let s = 20841 + -20833. Let y(m) = 0*m + 2 + 0 + 3*m. Give y(s).
26
Let x(w) be the second derivative of -w**3/6 - 7*w**2/2 + 3*w. Let d = 214 - 212. Suppose 5 = d*z - 4*z - l, -2*z = -l + 15. Give x(z).
-2
Suppose 8 - 50 = -2*q - 4*t, 0 = 2*q + 5*t - 42. Let x = q + -13. Let f(v) = 9*v**2 + 9*v**2 - v**3 - 4 + 7*v**2 + 9*v - 18*v**2. Determine f(x).
4
Let r(b) = -6*b**2 + 125*b - 298. Let l be r(18). Let s(w) = 86*w - 685. Give s(l).
3
Let x(a) = -7*a - 6. Let y(v) = 48*v + 42. Let d(l) = -27*x(l) - 4*y(l). Let r be d(-2). Let g be (-8 - r) + (5 - 4). Let j(h) = -h - 4. Calculate j(g).
3
Let t(g) = -3*g - 15. Let z be t(-17). Let h(j) = z*j - 7*j + 5 - 13*j - 13*j. Suppose -2*o + 14 = -4*c, 0*c = -2*c - 10. Determine h(o).
-4
Let w(d) = -5*d**2 - 17*d - 16. Let l(n) = -n**3 - 10*n**2 - 68*n - 533. Let o be l(-9). Calculate w(o).
-2
Suppose -7*j + 32 = -15*j. Let z(f) = -48*f**2 + 5*f + 30. Let c(r) = -16*r**2 + 2*r + 11. Let a(v) = j*z(v) + 11*c(v). What is a(-1)?
15
Let d(q) = -13*q**2 + 25*q + 15. Let z(a) = -5*a**2 + 9*a + 5. Suppose 8*i - 9*i = -k - 8, 0 = 2*i + 2*k + 4. Let h(f) = i*d(f) - 8*z(f). Give h(-6).
23
Let l(g) = g - 10. Suppose 4*x + 198 + 542 = 0. Let p = 197 + x. What is l(p)?
2
Let p(q) = -35*q**3 - 75*q**2 + 241*q + 48. Let s(l) = 8*l**3 + 19*l**2 - 60*l - 12. Let x(u) = -3*p(u) - 13*s(u). Calculate x(19).
12
Let r(i) = 8*i - 9509 - 9538 + 18937. What is r(17)?
26
Let v = -86 - -89. Suppose m + 4 = -m + v*r, 0 = -3*m + r + 1. Let w(a) = m - a**2 - 4 + 0 - a. Give w(0).
-3
Let o(z) = -z**3 + 7*z**2 - z + 9. Let a(x) = -3*x**3 + 21*x**2 - 2*x + 27. Let v(b) = -2*a(b) + 7*o(b). Suppose 0 = 45*m + 4309 - 4624. Give v(m).
-12
Let z = 70 + -63. Let i = -35 + z. Let c be (i/(-12))/(2/6). Let q(f) = -f**2 + 7*f - 4. Calculate q(c).
-4
Let t(i) = 5*i + 2. Suppose 0*a - 64 = -2*a. Suppose -12 = -a*m + 28*m. Suppose -4*r - l = 4, -12 = -m*r - 5*l + 2. What is t(r)?
-8
Let u(b) = -84*b - 1 + 58*b + 20*b + 39*b. Give u(1).
32
Let o(d) = 31*d**3 - 5*d**2 - 12*d - 14. Let y(x) = 11*x**3 - 2*x**2 - 4*x - 5. Let z(j) = -6*o(j) + 17*y(j). Let q = 36 - 33. What is z(q)?
2
Let p(i) = i**3 - 3*i**2 + 4*i - 5. Let b be 48/(-18) + (-34)/(-6). Calculate p(b).
7
Let c(z) = -z + 1. Let u(t) = -t**2 - 2*t + 15. Let o be u(-5). Suppose o = -39*g + 38*g - 3. Let b be (-4)/18 - 10/135*g. What is c(b)?
1
Let k(t) = -194 + 384 - 198 + t**2 - 137*t + 122*t. Calculate k(14).
-22
Let q(h) = -2*h**2 - 9*h - 30. Let p(f) = -2*f**2 - 10*f - 36. Let s(i) = -5*p(i) + 6*q(i). Determine s(-4).
-16
Let l(x) = -5*x - 5. Let h(o) = -6*o**3 - 191*o**2 + 32*o - 1. Let b be h(-32). Calculate l(b).
0
Let r(c) = 5*c + 23. Suppose -1900*w + 2 - 6 = -1899*w. Give r(w).
3
Let o(n) = 2*n - 5. Let t = 245 + -273. Let j be ((-8)/t)/((-6)/84). Give o(j).
-13
Let n(h) = h**3 - 7*h**2 - 15*h + 105. Let w be n(7). Let o(b) = -2 + 2*b**2 - 2*b**2 + 2*b + b**2. Determine o(w).
-2
Let a(d) = 3*d - 22. Let h be a(8). Suppose 3*q - 2 = -5, -h*q = -2*n + 4. Let s(l) = 180*l + 179*l + n - 358*l. Give s(-11).
-10
Let g(x) be the third derivative of x**4/24 - 3*x**3/2 - 6*x**2 - 68. Give g(3).
-6
Let v(c) = 17*c**2 + 9*c - 2. Suppose j + 1 = 3*o, -j - 5*o + 0 = -7. Determine v(j).
84
Let v = 35588 + -35617. Let p(y) = y**2 + 32*y + 86. Determine p(v).
-1
Let f = 57 + -57. Suppose a - 38 - 41 = f. Let j = 75 - a. Let o(b) = -b**2 - 2*b + 2. What is o(j)?
-6
Let o(c) be the third derivative of -c**7/2520 + 7*c**4/24 + c**3/3 + 32*c**2 - c. Let w(b) be the second derivative of o(b). Calculate w(2).
-4
Let i(x) = -7*x + 164. Let r be (-29)/(116/(-8))*12. What is i(r)?
-4
Suppose -3*d + 45 = 4*j, 0 = 53*d - 50*d + 2*j - 45. Let r(k) = k**2 - 17*k + 6. Give r(d).
-24
Let d be (-20)/(-70) + 37/(-7). Let j(r) = -r**3 - 9*r**2 - 18*r - 7. Determine j(d).
-17
Let l(s) = -102 - 5 + 5*s + 15 - 104. Determine l(40).
4
Suppose -3*y = 3*k, -3*k + 5 - 2 = 4*y. Let o be (1 - -2)*(-6 + 20/y). Let l(w) = -2*w**2 - 78 - w**o + 79 - 2*w. Calculate l(-2).
-7
Suppose g - 12 = -5*v - 7, -4*v + 2*g = -18. Let d(j) = 0 - 16*j - 9*j + 23*j - v - 3. What is d(-5)?
5
Let l(t) = -338 + 355 - 3*t**2 - 4*t**3 + 3*t**3 + 9*t. Determine l(-4).
-3
Let g(v) = -1230*v + 8*v**2 + 5045 + 1232*v - 3*v**3 - 5067. Calculate g(3).
-25
Let o(x) = 4 - 1 - 2 + 6 + 1 - x**2 - x. Calculate o(2).
2
Let m(k) = -k**3 + 3*k**2 + 31*k - 17. Let u be m(7). Let d(t) = -4*t**3 - t**2 + 24*t - 21. Let g(s) = s**3 - 6*s + 5. Let o(l) = -2*d(l) - 9*g(l). Give o(u).
-11
Suppose 5*h - 66 = -3*w, 3*h - 75 = 4*w - 47. Let v(z) = 2*z**2 - 25*z. What is v(h)?
-12
Let t = -5 + 25. Suppose -t*r + 10*r - 70 = 0. Let h(a) = -a - 2. Determine h(r).
5
Suppose 6*t - 393 + 315 = 0. Let i(d) = -d**2 - 3 - 9*d + t*d - 2*d. Determine i(3).
-6
Let k(o) = -o**2 - 11*o + 1. Let x be k(-10). Suppose 0 = x*p + 6*p - 136. Let w(i) = -i**3 + 7*i**2 + 9*i - 1. Give w(p).
7
Suppose 0 = 3*q + 3*b - 42, 3*b + 103 = 3*q + 37. Let h(w) = 14 + 25*w + 22*w - 73*w + 25*w. What is h(q)?
-4
Let s(r) = 1236*r - r**2 - 2470*r + 1227*r - 3. Let l(n) = -6*n - 1. Let w = -4 - -5. Let p be l(w). Give s(p).
-3
Suppose 309*d - 315*d = -36. Suppose 0 = d*r + 35 + 43. Let c(a) = a**2 + 11*a - 15. Give c(r).
11
Let c(x) = -21*x - 1. Let n(g) = -73*g - 10. Let l(j) = -4*c(j) + n(j). What is l(2)?
16
Let f(x) = 4*x. Let w(v) be the first derivative of 5*v**3/6 - 27*v - 14. Let z(b) be the first derivative of w(b). Let q(o) = -5*f(o) + 5*z(o). Give q(-1).
-5
Let j(h) = 21*h - 11. Let f(m) = -102*m + 54. Let k(p) = -5*f(p) - 24*j(p). Let g be -1 - (3 + -5) - 3 - -4. Determine k(g).
6
Let u(o) = -o**2 + 8*o - 6. Suppose 85*c = 67*c - 918. Suppose 0 = -l - 1, 64 = v - 2*l - 3*l. Let z = c + v. Calculate u(z).
-6
Let c(f) be the first derivative of -3*f**2/2 - 6*f - 5298. Calculate c(4).
-18
Let h(s) = -s + 2 + 1 + 3 - 2. Suppose -21*p + 170 = -124. What is h(p)?
-10
Let j(l) be the first derivative of -2*l + 1/3*l**3 - 26 + 3*l**2. Calculate j(-5).
-7
Let y(c) be the third derivative of -c**6/120 - 7*c**5/60 - c**4/6 + c**3 - 1713*c**2 - 2. Give y(-7).
34
Let f(p) be the first derivative of -p**2/2 + 17*p - 184. Let x(j) = j**3 + 3*j**2 - 3*j - 2. Let y be x(-2). Determine f(y).
9
Let p(w) = -5*w**3 - w**2 - 18*w - 34. Let q(g) = -g**3 + 2*g**2 - g - 1. Let i(b) = -p(b) + 6*q(b). What is i(14)?
0
Let h = 2306 - 2302. Let m(p) = p**2 - 8*p - 5. What is m(h)?
-21
Let i(d) = -2*d**3 - 4*d**2 + 28*d - 6. Let h(s) = -s**3 - s**2 - 2. Let g(m) = h(m) - i(m). What is g(-7)?
4
Let k(d) be the first derivative of d**3/6 - d**2 + 90*d - 10. Let y(b) be the first derivative of k(b). What is y(6)?
4
Let b(w) be the second derivative of -w**4/6 - 31*w**3/6 - 5*w**2 - 2483*w. Calculate b(-10).
100
Let a(d) = -d**2 - 4*d - 2. Suppose 50*s - 33*s + 17 = 0. Let c(v) = 2*v - 1. Let m(n) = s*a(n) - 4*c(n). Give m(4).
6
Let b = 11549 + -11538. Let d(i) = -i**3 - i**2. Let l(z) = -12*z**2 + 2. Let n(k) = -d(k) + l(k). Determine n(b).
2
Let v(n) = 11*n + 14. Suppose 63*l + 7 + 2 = 66*l. Determine v(l).
47
Let d = 12 + -5. Let r(k) = 4*k + 1. Let h(z) = -19*z - 6. Suppose -24*c + 20 = f - 27*c, -4*f - c = -15. Let o(b) = f*r(b) + h(b). Determine o(d).
6
Let c(y) = 277*y + 189. Let q(z) 